
6
What is the units digit of 4635861?
1
What is the tens digit of 128288?
8
What is the hundred thousands digit of 462573?
4
What is the thousands digit of 5215?
5
What is the units digit of 581505?
5
What is the ten thousands digit of 6796848?
9
What is the units digit of 1224434?
4
What is the hundreds digit of 4098398?
3
What is the units digit of 1782192?
2
What is the hundreds digit of 7318251?
2
What is the thousands digit of 8612544?
2
What is the thousands digit of 3494429?
4
What is the tens digit of 475312?
1
What is the thousands digit of 39792006?
2
What is the units digit of 8625582?
2
What is the hundred thousands digit of 662163?
6
What is the hundreds digit of 64347?
3
What is the hundreds digit of 73042?
0
What is the ten thousands digit of 2228548?
2
What is the units digit of 63473?
3
What is the ten thousands digit of 176617?
7
What is the units digit of 2531273?
3
What is the hundred thousands digit of 4697715?
6
What is the millions digit of 3120121?
3
What is the tens digit of 648263?
6
What is the hundreds digit of 553525?
5
What is the thousands digit of 203001?
3
What is the ten thousands digit of 1189958?
8
What is the thousands digit of 19929279?
9
What is the tens digit of 163405?
0
What is the tens digit of 35282?
8
What is the hundred thousands digit of 604369?
6
What is the ten thousands digit of 508381?
0
What is the units digit of 7382057?
7
What is the thousands digit of 608670?
8
What is the units digit of 176706?
6
What is the ten thousands digit of 4934384?
3
What is the thousands digit of 414110?
4
What is the ten thousands digit of 2699806?
9
What is the tens digit of 155793?
9
What is the thousands digit of 418089?
8
What is the tens digit of 23814538?
3
What is the thousands digit of 105435?
5
What is the hundreds digit of 2462501?
5
What is the tens digit of 8661589?
8
What is the hundred thousands digit of 706200?
7
What is the ten thousands digit of 6280448?
8
What is the thousands digit of 1557253?
7
What is the units digit of 683543?
3
What is the ten thousands digit of 3618507?
1
What is the tens digit of 844624?
2
What is the thousands digit of 27862343?
2
What is the ten thousands digit of 819295?
1
What is the thousands digit of 518525?
8
What is the tens digit of 393795?
9
What is the units digit of 6315324?
4
What is the hundreds digit of 218885?
8
What is the units digit of 2127367?
7
What is the thousands digit of 785802?
5
What is the tens digit of 1500903?
0
What is the hundred thousands digit of 3954034?
9
What is the millions digit of 4730677?
4
What is the millions digit of 1867008?
1
What is the ten thousands digit of 121115?
2
What is the hundreds digit of 420676?
6
What is the units digit of 424513?
3
What is the thousands digit of 165795?
5
What is the ten thousands digit of 66643?
6
What is the hundreds digit of 765226?
2
What is the thousands digit of 585625?
5
What is the thousands digit of 1096493?
6
What is the ten thousands digit of 217162?
1
What is the thousands digit of 3579289?
9
What is the hundreds digit of 833939?
9
What is the units digit of 10692631?
1
What is the units digit of 3202824?
4
What is the thousands digit of 26103070?
3
What is the hundreds digit of 24963339?
3
What is the tens digit of 535703?
0
What is the ten thousands digit of 3362244?
6
What is the hundred thousands digit of 108735?
1
What is the tens digit of 6484923?
2
What is the thousands digit of 204985?
4
What is the tens digit of 1324456?
5
What is the units digit of 41747?
7
What is the ten thousands digit of 231170?
3
What is the units digit of 5319100?
0
What is the hundreds digit of 187297?
2
What is the ten thousands digit of 2919776?
1
What is the millions digit of 7777474?
7
What is the tens digit of 476689?
8
What is the thousands digit of 31714678?
4
What is the hundred thousands digit of 158003?
1
What is the hundred thousands digit of 2988776?
9
What is the hundred thousands digit of 1037392?
0
What is the thousands digit of 320625?
0
What is the units digit of 194804?
4
What is the millions digit of 7539367?
7
What is the hundreds digit of 2103239?
2
What is the hundreds digit of 7888560?
5
What is the tens digit of 30941874?
7
What is the millions digit of 1512023?
1
What is the hundred thousands digit of 203034?
2
What is the thousands digit of 29431?
9
What is the hundred thousands digit of 895300?
8
What is the hundred thousands digit of 8870894?
8
What is the hundred thousands digit of 524092?
5
What is the units digit of 1354503?
3
What is the hundred thousands digit of 18170995?
1
What is the hundred thousands digit of 988059?
9
What is the hundreds digit of 5393685?
6
What is the hundred thousands digit of 14471098?
4
What is the ten thousands digit of 6225571?
2
What is the ten thousands digit of 283727?
8
What is the hundreds digit of 9035628?
6
What is the units digit of 39489?
9
What is the units digit of 881108?
8
What is the millions digit of 1339804?
1
What is the hundreds digit of 33304895?
8
What is the hundreds digit of 888881?
8
What is the hundreds digit of 833708?
7
What is the thousands digit of 506579?
6
What is the hundred thousands digit of 976787?
9
What is the tens digit of 107659?
5
What is the hundreds digit of 1111945?
9
What is the thousands digit of 6726079?
6
What is the hundred thousands digit of 1604299?
6
What is the thousands digit of 20140?
0
What is the units digit of 62505?
5
What is the ten thousands digit of 3088268?
8
What is the units digit of 103708?
8
What is the hundreds digit of 378140?
1
What is the tens digit of 5654028?
2
What is the hundred thousands digit of 139474?
1
What is the ten thousands digit of 275032?
7
What is the units digit of 146727?
7
What is the hundred thousands digit of 5262540?
2
What is the ten thousands digit of 1014256?
1
What is the thousands digit of 1702456?
2
What is the ten thousands digit of 244950?
4
What is the thousands digit of 801431?
1
What is the hundred thousands digit of 133622?
1
What is the tens digit of 2668208?
0
What is the ten thousands digit of 484726?
8
What is the hundred thousands digit of 506547?
5
What is the units digit of 610400?
0
What is the thousands digit of 180050?
0
What is the hundreds digit of 391475?
4
What is the hundreds digit of 2775100?
1
What is the ten thousands digit of 2071318?
7
What is the hundreds digit of 231769?
7
What is the thousands digit of 2770762?
0
What is the thousands digit of 941726?
1
What is the ten thousands digit of 2481724?
8
What is the units digit of 162496?
6
What is the hundreds digit of 76927?
9
What is the thousands digit of 766589?
6
What is the ten thousands digit of 56269?
5
What is the hundred thousands digit of 755188?
7
What is the units digit of 670723?
3
What is the thousands digit of 18467906?
7
What is the millions digit of 1748749?
1
What is the thousands digit of 1744909?
4
What is the tens digit of 810448?
4
What is the hundred thousands digit of 7820734?
8
What is the hundreds digit of 3266668?
6
What is the hundred thousands digit of 4187478?
1
What is the thousands digit of 36836?
6
What is the thousands digit of 1036144?
6
What is the tens digit of 798647?
4
What is the thousands digit of 4422258?
2
What is the hundred thousands digit of 554951?
5
What is the millions digit of 4232781?
4
What is the tens digit of 2755625?
2
What is the thousands digit of 95925?
5
What is the ten thousands digit of 1113639?
1
What is the units digit of 286275?
5
What is the tens digit of 4410003?
0
What is the millions digit of 1341044?
1
What is the thousands digit of 115193?
5
What is the millions digit of 7690399?
7
What is the thousands digit of 221447?
1
What is the ten thousands digit of 6074395?
7
What is the hundred thousands digit of 165077?
1
What is the tens digit of 25121424?
2
What is the thousands digit of 6152623?
2
What is the hundred thousands digit of 12388309?
3
What is the thousands digit of 454405?
4
What is the hundreds digit of 4158319?
3
What is the hundreds digit of 241581?
5
What is the thousands digit of 219041?
9
What is the tens digit of 7479458?
5
What is the hundred thousands digit of 573704?
5
What is the ten thousands digit of 4343702?
4
What is the ten thousands digit of 367312?
6
What is the units 